.
29
Let p(d) = -46*d**2 - 9340*d - 400. Give p(-203).
6
Let i(m) = -3*m**3 + 35*m**2 - 21*m + 2. What is i(11)?
13
Let s(f) = f**3 + 43*f**2 + 106*f + 939. Determine s(-41).
-45
Let y(g) = 3*g**2 - 131*g - 93. What is y(45)?
87
Let a(o) = -39*o**2 + 3*o - 3. Calculate a(1).
-39
Let q(m) = -2*m**2 + 100*m + 425. Determine q(54).
-7
Let p(v) = 7*v**2 + 51*v + 138. Determine p(-3).
48
Let a(d) = -33*d + 1638. What is a(52)?
-78
Let j(n) = n**2 + 47*n + 396. Give j(-36).
0
Let p(h) = -h**2 - 208*h - 411. Calculate p(-2).
1
Let q(c) = -985*c + 4. What is q(0)?
4
Let i(a) = -13*a**3 - 5414*a**2 + 2918*a - 430. Determine i(-417).
-13
Let s(h) = -h**3 - 14*h**2 - 12*h - 106. Calculate s(-13).
-119
Let o(n) = n**2 + 103*n - 13608. What is o(-179)?
-4
Let s(g) = 2*g**3 + 5*g**2 - 9*g + 9. What is s(2)?
27
Let d(u) = 2*u**3 - 17*u**2 + 37*u - 101. Give d(7).
11
Let w(p) = p**3 + 24*p**2 + 30*p + 112. What is w(-23)?
-49
Let q(b) = -11*b**2 - 1. Give q(2).
-45
Let h(c) = c**2 + 54*c - 285. Calculate h(5).
10
Let d(s) = -s**2 - 25*s + 186. Give d(6).
0
Let g(a) = 15*a**2 - a - 8. Calculate g(2).
50
Let c(y) = y**3 - 36*y**2 + 183*y - 15. Give c(6).
3
Let k(q) = -q**2 - 126*q - 1646. What is k(-15)?
19
Let k(u) = 18*u - 90. Calculate k(1).
-72
Let y(x) = -x**3 - x**2 - 89. Give y(0).
-89
Let h(f) = 4*f**3 + 161*f**2 - 124*f + 119. Calculate h(-41).
160
Let m(r) = r**3 + 12*r**2 + 35*r + 18. What is m(-9)?
-54
Let u(a) = a**2 + 102*a + 25. Give u(0).
25
Let x(d) = d**2 - 24*d - 156. Determine x(-6).
24
Let s(f) = -3*f - 19. Determine s(-4).
-7
Let g(z) = z**3 - 2*z**2 + 13*z - 49. Determine g(3).
-1
Let h(n) = 2*n**2 + 264*n - 809. What is h(3)?
1
Let m(l) = 455*l - 6385. What is m(14)?
-15
Let b(r) = -155*r + 157. Determine b(1).
2
Let x(n) = -6*n**2 + 38*n + 42. Determine x(7).
14
Let s(t) = -6*t**3 - 8*t**2 - 23*t - 56. What is s(-3)?
103
Let r(x) = x**2 + 80*x - 6131. Determine r(-128).
13
Let h(r) = 38*r - 868. Give h(23).
6
Let u(q) = -q**3 - 18*q**2 + 13*q - 82. Determine u(-19).
32
Let a(r) = r**2 + 14*r + 34. What is a(-15)?
49
Let a(j) = 37*j**2 + 785*j - 625. What is a(-22)?
13
Let n(r) = -r + 36. Calculate n(-7).
43
Let j(c) = -2*c**3 - 8*c**2 - c - 26. Give j(-5).
29
Let a(v) = 2*v**3 - 58*v**2 + 2*v - 21. Calculate a(29).
37
Let n(w) = -158*w - 812. Give n(-5).
-22
Let a(i) = -27*i - 94. What is a(-10)?
176
Let x(q) = -400*q - 7593. Calculate x(-19).
7
Let t(f) = -2*f**3 - 14*f**2 - 25*f - 57. Calculate t(-5).
-32
Let d(h) = h**2 + 75*h + 1283. What is d(-49)?
9
Let g(o) = -o**3 + 19*o**2 - 21*o + 677. Determine g(20).
-143
Let r(u) = -13*u + 280. Calculate r(25).
-45
Let j(r) = r**3 - 31*r**2 + 151*r + 422. Calculate j(24).
14
Let r(k) = 34*k + 2. Determine r(-5).
-168
Let u(k) = k**3 - 24*k**2 - 632*k + 15056. What is u(23)?
-9
Let m(p) = -4*p**2 + 5*p - 7. What is m(1)?
-6
Let a(f) = -5375*f - 59127. What is a(-11)?
-2
Let w(m) = -817*m + 2551. What is w(3)?
100
Let j(r) = -r**2 - 27*r - 258. Determine j(-13).
-76
Let z(h) = 537*h - 7537. What is z(14)?
-19
Let j(g) = g**2 + 35*g + 261. Calculate j(-23).
-15
Let d(a) = -351*a + 3521. What is d(10)?
11
Let p(y) = -63*y - 152. Give p(-2).
-26
Let s(i) = -i**2 - 92*i - 751. Determine s(-83).
-4
Let j(t) = -t**3 + 102*t**2 + 103*t + 48. What is j(103)?
48
Let q(l) = -35*l - 89. Determine q(-2).
-19
Let l(g) = -g**3 + 27*g**2 + 53*g + 161. Determine l(29).
16
Let l(b) = 382*b + 10336. What is l(-27)?
22
Let t(o) = o**3 + 28*o**2 - 70*o - 1143. Give t(-29).
46
Let v(c) = -c**2 + 123*c + 370. Give v(-3).
-8
Let a(l) = -l**3 - 40*l**2 - 87*l + 9. What is a(-38)?
427
Let x(p) = -72*p - 2962. What is x(-41)?
-10
Let u(m) = -5*m**3 - 15*m**2 - 67*m - 197. Give u(-3).
4
Let q(n) = -14*n**2 + 168*n + 632. Give q(15).
2
Let l(z) = -155*z**3 - 3*z**2 - z + 1. Give l(-1).
154
Let u(r) = 2*r**3 - 2*r**2 - 49*r + 110. Calculate u(5).
65
Let v(u) = u**2 - 143*u + 2049. Determine v(127).
17
Let p(j) = -105*j + 440. What is p(-7)?
1175
Let a(l) = -2*l**3 + 28*l**2 - 30*l + 106. What is a(14)?
-314
Let v(r) = -2*r**3 + 3*r**2 + 10*r + 14. Give v(-4).
150
Let p(r) = r**3 - 30*r**2 - 975*r - 838. What is p(-19)?
-2
Let t(j) = -5*j**2 - 24*j - 14. Calculate t(-2).
14
Let p(k) = -3*k**3 + 222*k**2 - 4*k + 250. Calculate p(74).
-46
Let b(h) = -h**2 - 373*h - 31203. Calculate b(-246).
39
Let w(a) = a**3 - 12*a**2 - 54*a - 7. Calculate w(15).
-142
Let z(i) = -3402*i + 6801. What is z(2)?
-3
Let q(n) = -1544*n + 4634. Determine q(3).
2
Let w(k) = 9*k**3 - 15*k**2 - 33*k - 5. What is w(-2)?
-71
Let u(r) = 2*r**2 - 46*r - 158. Calculate u(26).
-2
Let o(p) = -2*p**3 - 4*p**2 - 22*p - 4. Give o(-3).
80
Let x(u) = 2*u**2 + 182*u - 953. Calculate x(-96).
7
Let v(r) = 86*r**2 + 10*r - 12. What is v(1)?
84
Let w(j) = -j**3 - 59*j**2 - 48*j + 583. Give w(-58).
3
Let i(o) = o**3 - 30*o**2 + 8. Determine i(30).
8
Let m(t) = -122*t - 3420. Determine m(-28).
-4
Let l(j) = -j**2 + 53*j - 373. Determine l(45).
-13
Let d(g) = 8*g**2 - 52*g - 286. Determine d(10).
-6
Let v(d) = 24*d - 164. Give v(0).
-164
Let q(u) = 3*u**2 - 128*u - 219. Calculate q(41).
-424
Let y(s) = -10*s**2 + 312*s - 1722. What is y(24)?
6
Let d(t) = -407*t**2 + 4*t + 6. Calculate d(-1).
-405
Let r(s) = 15*s + 275. Give r(-25).
-100
Let n(h) = -14*h - 631. What is n(-42)?
-43
Let i(d) = 656*d - 5237. Calculate i(8).
11
Let m(x) = -71*x + 6115. What is m(86)?
9
Let z(b) = 26*b - 107. Give z(7).
75
Let q(k) = -k**3 + 66*k**2 + 202*k + 143. Calculate q(69).
-202
Let d(m) = -67*m**2 - 935*m + 42. What is d(-14)?
0
Let d(v) = -14*v**2 - 861*v + 78. Calculate d(-62).
-356
Let r(g) = 2938*g - 14696. Give r(5).
-6
Let a(p) = p**2 + 3*p + 7. Determine a(-5).
17
Let f(u) = -132*u + 1301. What is f(10)?
-19
Let b(j) = 3*j**3 + 16*j**2 + 5*j + 48. Give b(-6).
-54
Let l(a) = 8*a**2 - 162*a + 172. What is l(19)?
-18
Let n(u) = -2*u**2 - 9*u + 4. Give n(-8).
-52
Let r(d) = -6*d**2 - 78*d + 841. Determine r(8).
-167
Let u(o) = 125*o - 3033. What is u(24)?
-33
Let d(z) = 460*z + 21154. Calculate d(-46).
-6
Let m(k) = k**3 + 19*k**2 - 46*k - 218. Determine m(-21).
-134
Let h(l) = 18*l**2 - 126*l - 25. Calculate h(7).
-25
Let o(b) = -140*b + 2550. What is o(18)?
30
Let d(i) = i**3 - 5*i**2 + i - 103. Calculate d(7).
2
Let a(i) = 9038*i + 63263. Calculate a(-7).
-3
Let t(l) = -l**3 + 77*l**2 + 778*l + 32. Calculate t(-9).
-4
Let m(t) = -309*t + 4312. What is m(14)?
-14
Let z(a) = -10665*a - 117293. Calculate z(-11).
22
Let j(i) = 6*i**3 + 283*i**2 + 53*i - 66. What is j(-47)?
-348
Let l(s) = 2*s**3 - 116*s**2 - 115*s - 122. What is l(59)?
55
Let t(w) = -564*w + 8432. Determine t(15).
-28
Let d(j) = -3*j**3 + 28*j**2 - 32*j + 228. Calculate d(9).
21
Let t(b) = b**2 - 184*b - 11680. Determine t(-50).
20
Let n(l) = -2*l**2 + 627*l - 37502. Give n(233).
11
Let y(q) = q + 5. Calculate y(12).
17
Let o(x) = -140*x**3 + x**2 + 2*x - 2. Determine o(1).
-139
Let f(n) = 4*n**2 + 179*n + 1283. Calculate f(-9).
-4
Let a(p) = 46*p + 26. Determine a(-3).
-112
Let n(o) = o**3 + 20*o**2 + 32*o - 141. Give n(-18).
-69
Let t(l) = -3*l**2 - 265*l - 1084. Determine t(-4).
-72
Let g(b) = 92*b + 2021. Determine g(-22).
-3
Let b(c) = c**2 + 14*c - 11. Calculate b(-12).
-35
Let y(n) = n**3 - 23*n**2 + 131*n + 12. Determine y(10).
22
Let x(p) = -3*p**2 + 55*p + 244. Give x(-4).
-24
Let g(z) = 10*z - 58. Determine g(3).
-28
Let a(g) = g**3 - 33*g**2 + 265*g + 94. Determine a(18).
4
Let g(u) = 3*u**3 - 152*u**2 + 85*u + 757. Determine g(50).
7
Let h(d) = d**3 + 21*d**2 + 17*d - 56. Determine h(-20).
4
Let t(x) = -x**3 + 9*x**2 - 6*x + 125. What is t(10)?
-35
Let w(x) = 9*x - 264. Calculate w(30).
6
Let d(v) = 9*v**2 + 190*v - 866. Calculate d(-25).
9
Let c(m) = -m**2 + 106*m - 394. What is c(4)?
14
Let y(d) = -7*d**2 + 7*d - 1. Determine y(-2).
-43
Let a(i) = 8*i**2 + 4*i - 423. Calculate a(7).
-3
Let k(w) = -13*w**2 - 49*w + 17. Determine k(-4).
5
Let d(s) = 282*s + 2021. What is d(-8)?
-235
Let i(o) = o**3 + 34*o**2 - 78*o + 1217. Determine i(-37).
-4
Let o(h) = -95*h + 1033. What is o(11)?
-12
Let i(l) = 83*l - 293. Give i(5).
122
Let v(w) = -99*w + 17. Calculate v(2).
-181
Let c(t) = -452*t + 4621. Determine c(11).
-351
Let d(i) = 3*i**3 + 3*i**2 - 11*i + 10. Calculate d(-3).
-11
Let r(m) = -4*m**3 - m*